{"id":18,"date":"2025-06-11T23:17:54","date_gmt":"2025-06-11T23:17:54","guid":{"rendered":"https:\/\/xn--parkanonrakennusshkoy-m2b03b.fi\/?page_id=18"},"modified":"2025-11-26T05:58:06","modified_gmt":"2025-11-26T05:58:06","slug":"palvelut","status":"publish","type":"page","link":"https:\/\/xn--parkanonrakennusshkoy-m2b03b.fi\/index.php\/palvelut\/","title":{"rendered":"Palvelut"},"content":{"rendered":"\n<ul class=\"wp-block-list\">\n<li>A-ryhm\u00e4n s\u00e4hk\u00f6asennukset ja suunnitelmat Parkanossa sek\u00e4 l\u00e4hialueilla!<\/li>\n\n\n\n<li>Rakennuss\u00e4hk\u00f6istys<\/li>\n\n\n\n<li>Uudis- ja saneerauskohteissa yksityisille ja yrityksille ja taloyhti\u00f6ille<\/li>\n\n\n\n<li>ATK- ja telekaapelointi<\/li>\n\n\n\n<li>Aurinkopaneelien asennus<\/li>\n\n\n\n<li>S\u00e4hk\u00f6autojen latauspisteet<\/li>\n<\/ul>\n\n\n\n<p>S\u00c4HK\u00d6ASENNUKSET<br>Olemme erikoistuneet tarjoamaan laajan valikoiman s\u00e4hk\u00f6asennuspalveluja. Asennamme s\u00e4hk\u00f6j\u00e4rjestelm\u00e4t uusiin rakennuksiin sek\u00e4 saneeraamme vanhoja kohteita luotettavasti ja<br>ammattitaidolla. Meid\u00e4n palveluihimme kuuluu my\u00f6s s\u00e4hk\u00f6j\u00e4rjestelmien korjaus, huolto ja suunnittelu, joten voit luottaa siihen, ett\u00e4 s\u00e4hk\u00f6ty\u00f6t suoritetaan aina viimeisimpien standardien mukaisesti.<br><\/p>\n\n\n\n<p>Tarjoamme asiakkaillemme r\u00e4\u00e4t\u00e4l\u00f6ityj\u00e4 ratkaisuja, kuten aurinkopaneeleiden asennusta, pihavalaistuksen suunnittelua ja s\u00e4hk\u00f6autojen latauspisteiden asennusta. Meid\u00e4n asiantunteva<br>tiimimme varmistaa, ett\u00e4 jokainen projekti toteutetaan laadukkaasti ja kustannustehokkaasti, oli kyseess\u00e4 sitten pieni asennusty\u00f6 tai laaja s\u00e4hk\u00f6suunnitteluprojekti.<\/p>\n\n\n\n<p>S\u00c4HK\u00d6SUUNNITTELU<\/p>\n\n\n\n<p>Suunnittelemme turvallisia ja kustannustehokkaita s\u00e4hk\u00f6j\u00e4rjestelmi\u00e4 kaikenkokoisiin tarpeisiin ja erilaisiin kohteisiin niin yksityis- kuin yritysasiakkaille. Suunnitteluty\u00f6t\u00e4 toteutetaan insin\u00f6\u00f6ritaidolla<br>ja pitk\u00e4ll\u00e4 suunnittelukokemuksella. S\u00e4hk\u00f6suunnittelussa otamme huomioon erityispiirteet ja asiakkaan tarpeet. Meid\u00e4n tavoitteemme<br>on luoda s\u00e4hk\u00f6suunnitelmia, jotka vastaavat kaikkiin tarpeisiin, ovat turvallisia ja suunnitellut ratkaisut kustannustehokkaita.<br>S\u00e4hk\u00f6suunnitelmat toteutamme cadmatic-j\u00e4rjestelm\u00e4ll\u00e4. Saat suunnitelmista niin dwr, dwg kuin pdf muotoiset kuvat.<\/p>\n\n\n\n<p>AURINKOS\u00c4HK\u00d6J\u00c4RJESTELMIEN ASENNUS<\/p>\n\n\n\n<p>Kaikenkokoiset aurinkos\u00e4hk\u00f6j\u00e4rjestelm\u00e4t asennettuna niin omakoti-taloihin, yrityksille, maatiloille kuin m\u00f6keillekin!<br>Me Parkanon Rakennuss\u00e4hk\u00f6 Oy:ss\u00e4 olemme erikoistuneet tarjoamaan aurinkos\u00e4hk\u00f6j\u00e4rjestelmien suunnittelua ja asennusta kokonaisratkaisuna, joka takaa laadukkaan ja kest\u00e4v\u00e4n lopputuloksen.<br>Kokonaisratkaisumme sis\u00e4lt\u00e4\u00e4 kaiken tarvittavan suunnittelusta asennukseen, jotta voit nauttia puhtaasta ja uusiutuvasta energiasta ilman huolta.<\/p>\n\n\n\n<p>Ensimm\u00e4isess\u00e4 vaiheessa arvioimme yksil\u00f6lliset tarpeesi ja kohteesi erityispiirteet, jotta voimme tarjota parhaan mahdollisen ratkaisun juuri sinulle. T\u00e4m\u00e4 sis\u00e4lt\u00e4\u00e4 kohteen energiatarpeiden<br>kartoituksen, sopivien paneelien valinnan sek\u00e4 asennuspaikan optimoinnin. K\u00e4yt\u00e4mme aina tuotteita, jonka laatuun asiakkaamme ovat olleet tyytyv\u00e4isi\u00e4.<\/p>\n\n\n\n<p>Suunnitteluvaiheessa laadimme tarkat suunnitelmat aurinkopaneelij\u00e4rjestelm\u00e4st\u00e4, joka maksimoidun tehon ja kustannustehokkuuden. Hy\u00f6dynn\u00e4mme viimeisint\u00e4 teknologiaa ja<br>korkealaatuisia komponentteja, jotka takaavat paneelien pitk\u00e4n k\u00e4ytt\u00f6i\u00e4n ja korkean suorituskyvyn. <\/p>\n\n\n\n<p>Asennuksen j\u00e4lkeen varmistamme, ett\u00e4 kaikki j\u00e4rjestelm\u00e4n osat toimivat moitteettomasti ja ett\u00e4 saat t\u00e4yden hy\u00f6dyn aurinkopaneeleista heti alusta alkaen. <br>Kun valitset Parkanon Rakennuss\u00e4hk\u00f6 Oy:n aurinkopaneelien asennukseen, voit luottaa siihen,<br>ett\u00e4 saat kokonaisratkaisun, joka on laadukkaasti ja luotettavasti toteutettu ja r\u00e4\u00e4t\u00e4l\u00f6ity tarpeisiisi.<\/p>\n\n\n\n<p>S\u00c4HK\u00d6AUTOJEN LATAUSPISTEIDEN KARTOITUS JA TOTEUTUS<\/p>\n\n\n\n<p>Tarjoamme s\u00e4hk\u00f6autojen latauspisteiden kartoitusta ja toteutusta kokonaispakettina!<br>S\u00e4hk\u00f6autojenlatauspisteiden kartoituksella selvit\u00e4mme kiinteist\u00f6n eri mahdollisuudet latauspaikoille, sek\u00e4 n\u00e4iden toteutuksien kustannusarvioineen. Suunnitelman pohjalta esimerkiksi<br>taloyhti\u00f6n on helppo p\u00e4\u00e4tt\u00e4\u00e4 parhaat ja kokonaistaloudellisimmat ratkaisut. Meilt\u00e4 saat my\u00f6s kustannustehokkaan toteutuksen suunnitelmille!<\/p>\n\n\n\n<p>TARVIKEMYYNTI<\/p>\n\n\n\n<p>Olemme s\u00e4hk\u00f6tarvikemyynnin osaava ja kokenut ammattilainen. Parkanossa sijaitsevasta myym\u00e4l\u00e4st\u00e4mme l\u00f6ytyy perusvalikoima laadukkaita s\u00e4hk\u00f6tarvikkeita. Ota yhteytt\u00e4, niin tilaamme<br>sinulle tarpeesi ja k\u00e4ytt\u00f6tarkoitukseesi sopivat tuotteet varmistaen niiden laadun ja turvallisuuden.<br>Tarjoamme ammattitaitoista opastusta tuotteidesi valintaan!<\/p>\n","protected":false},"excerpt":{"rendered":"<p>S\u00c4HK\u00d6ASENNUKSETOlemme erikoistuneet tarjoamaan laajan valikoiman s\u00e4hk\u00f6asennuspalveluja. Asennamme s\u00e4hk\u00f6j\u00e4rjestelm\u00e4t uusiin rakennuksiin sek\u00e4 saneeraamme vanhoja kohteita luotettavasti jaammattitaidolla. Meid\u00e4n palveluihimme kuuluu my\u00f6s s\u00e4hk\u00f6j\u00e4rjestelmien korjaus, huolto ja suunnittelu, joten voit luottaa siihen, ett\u00e4 s\u00e4hk\u00f6ty\u00f6t suoritetaan aina viimeisimpien standardien mukaisesti. Tarjoamme asiakkaillemme r\u00e4\u00e4t\u00e4l\u00f6ityj\u00e4 ratkaisuja, kuten aurinkopaneeleiden asennusta, pihavalaistuksen suunnittelua ja s\u00e4hk\u00f6autojen latauspisteiden asennusta. Meid\u00e4n asiantuntevatiimimme varmistaa, ett\u00e4 jokainen projekti [&hellip;]<\/p>\n","protected":false},"author":1,"featured_media":0,"parent":0,"menu_order":0,"comment_status":"closed","ping_status":"closed","template":"","meta":{"footnotes":""},"class_list":["post-18","page","type-page","status-publish","hentry"],"_links":{"self":[{"href":"https:\/\/xn--parkanonrakennusshkoy-m2b03b.fi\/index.php\/wp-json\/wp\/v2\/pages\/18","targetHints":{"allow":["GET"]}}],"collection":[{"href":"https:\/\/xn--parkanonrakennusshkoy-m2b03b.fi\/index.php\/wp-json\/wp\/v2\/pages"}],"about":[{"href":"https:\/\/xn--parkanonrakennusshkoy-m2b03b.fi\/index.php\/wp-json\/wp\/v2\/types\/page"}],"author":[{"embeddable":true,"href":"https:\/\/xn--parkanonrakennusshkoy-m2b03b.fi\/index.php\/wp-json\/wp\/v2\/users\/1"}],"replies":[{"embeddable":true,"href":"https:\/\/xn--parkanonrakennusshkoy-m2b03b.fi\/index.php\/wp-json\/wp\/v2\/comments?post=18"}],"version-history":[{"count":4,"href":"https:\/\/xn--parkanonrakennusshkoy-m2b03b.fi\/index.php\/wp-json\/wp\/v2\/pages\/18\/revisions"}],"predecessor-version":[{"id":34,"href":"https:\/\/xn--parkanonrakennusshkoy-m2b03b.fi\/index.php\/wp-json\/wp\/v2\/pages\/18\/revisions\/34"}],"wp:attachment":[{"href":"https:\/\/xn--parkanonrakennusshkoy-m2b03b.fi\/index.php\/wp-json\/wp\/v2\/media?parent=18"}],"curies":[{"name":"wp","href":"https:\/\/api.w.org\/{rel}","templated":true}]}}